 -220*h - 100. Let v(x) = 2*x**2 - 4*x - 125. What are the prime factors of v(h)?
5, 7, 17
Suppose 3*j - 37048 = 4*w, -4*w + 45133 = 4*j - 4311. List the prime factors of j.
2, 3089
List the prime factors of 160/112*-7 - -2383.
3, 7, 113
Suppose -13*v + 14 = -12. Suppose v*l - 77 = 255. What are the prime factors of l?
2, 83
Let o(t) be the first derivative of -t**3/3 + 2*t**2 + 4*t - 3. Let x be o(6). Let k = x + 52. List the prime factors of k.
2, 11
Suppose -969888 = -63*h - 26*h + 1821152. List the prime factors of h.
2, 5, 7
Let l be 1148/(-246)*(-6624)/7. Suppose 11*i = 5*i + l. What are the prime factors of i?
2, 23
Suppose -25 = -b + 3*q, 3*b - q - 54 = 13. Let i = 18790 - 18788. Suppose -b = i*f - 3*f. List the prime factors of f.
2, 11
Let x = -19575 + 42324. List the prime factors of x.
3, 7583
Suppose 1298 = 5*r - 462. Let f = r + -39. What are the prime factors of f?
313
Let c(m) be the third derivative of 37*m**4/12 - 11*m**3/3 + m**2 + 14. List the prime factors of c(5).
2, 3, 29
Let v be ((-69)/12 - -3)*-88. Suppose -i + 0*i + v = 0. Suppose -i = y - 3*y + 2*b, 645 = 5*y + 3*b. List the prime factors of y.
2, 3, 7
Let t(y) = -y**2 - 35*y + 76. Let n be t(-37). Suppose -n*l - 2130 = -5*p, 782 = 3*p + 3*l - 475. List the prime factors of p.
2, 53
What are the prime factors of -6798*(5 - 165/22)?
3, 5, 11, 103
Let p = -231 + 229. What are the prime factors of 0 - (p - -1) - 2065/(-5)?
2, 3, 23
Suppose 0 = -u - 4*u - 2*g - 25, 5*u = -5*g - 10. Let r be (10/6)/(u/(-21)). Suppose -r*k + 728 = 103. What are the prime factors of k?
5
Let s(d) = -70*d - 291. Let t be s(-7). Let w = t + -130. List the prime factors of w.
3, 23
Let o = -3429 + 54620. What are the prime factors of o?
7, 71, 103
Let i be (4/12)/(2/(-6)). List the prime factors of (i + 4)/(39/1690).
2, 5, 13
List the prime factors of (-195)/130 - (-19698)/4.
3, 547
Let l(z) = -z**3 + z**2 - 2*z + 2. Let g be l(1). Suppose 0*v - 3*v - 3*b + 876 = g, -b - 1478 = -5*v. What are the prime factors of v?
5, 59
Let f = 310 - 313. What are the prime factors of (287/f)/(-7 - (-936)/135)?
5, 7, 41
Let i(o) = 13*o + 157. Let y be i(24). Suppose -3 = 3*s, -3*b + y = s - 1744. What are the prime factors of b?
2, 3, 41
Suppose 4*i - 95098 = -3*r, -8*r + 5*r = 2*i - 47546. List the prime factors of i.
2, 743
Let b(p) = -p**2 + 12*p + 2947. What are the prime factors of b(0)?
7, 421
Suppose -234 = -7*c - 11*c. Let o be c/(-65) + (0 - 376/(-5)). Let r = o + -41. List the prime factors of r.
2, 17
Suppose 39*p - 2412098 = -36*p - 151*p. What are the prime factors of p?
13, 821
Suppose 25 = 6*f - 161. Let y = f + 243. List the prime factors of y.
2, 137
Suppose -249 = 12*n - 4533. Let z = n - -108. What are the prime factors of z?
3, 5, 31
Let i(r) = 3*r**2 - 2*r - 1. Let b be i(4). Suppose c - b = -37. Suppose -c*g + 7 = -27. What are the prime factors of g?
17
Suppose -2*u + 23*p - 18*p + 35253 = 0, 2*u = -2*p + 35302. List the prime factors of u.
2, 11, 401
Let h(f) = 27*f - 34. Let r be h(2). Suppose 1132 = 4*t - 3*d, -8 + r = 3*d. List the prime factors of t.
2, 11, 13
Let t = 76360 + -44869. What are the prime factors of t?
3, 3499
Suppose 15 - 12 = 3*t - 4*a, 6 = 3*t - 3*a. Suppose -t*x = -3*b + 671, b - 3*b + 446 = -2*x. What are the prime factors of b?
2, 3, 37
Suppose 0*h + 5*h + 28510 = 3*s, -5*s + h + 47502 = 0. What are the prime factors of s?
2, 5, 19
Let u = -7002 + 3971. What are the prime factors of 195/234 - u/6?
2, 11, 23
Let o = 58 - 14. Let c = o + -116. Let t = -28 - c. List the prime factors of t.
2, 11
Suppose s + 4245 = -4*s + 5*f, 0 = 2*s + 3*f + 1673. Let u = s - -1109. List the prime factors of u.
5, 53
Let n = 22 - 18. Suppose -n*p = -2*i - 24, -i - 13 = 4*p + 11. Let x(c) = -c**2 - 22*c + 10. What are the prime factors of x(i)?
2, 53
Suppose 0 = -v + 3*v - 2*z - 14, -4 = 2*z. Let g be 42/(-7) + v - (-482 + 1). Suppose 0 = -2*c - 3*c + g. What are the prime factors of c?
2, 3
Let j = -249 - -260. List the prime factors of -7 - -1 - (j + -122).
3, 5, 7
Let j = -699 + 1782. Suppose 5*x - 402 = j. List the prime factors of x.
3, 11
Suppose 173488 = 19*j + 9*j. What are the prime factors of j?
2, 1549
Suppose -5*v + 19 = -2*u + 3*u, -5*u + 17 = -v. Suppose 0 = -7*d + 26 - 5. Suppose d*x - 5*y = -y + 659, 2*x - 442 = u*y. What are the prime factors of x?
7, 31
Let p(i) = 8*i**2 + 419*i + 2082. What are the prime factors of p(-5)?
11, 17
Suppose -2 - 6 = -2*h. Let w(j) = -148*j + 7. Let t(u) = 14*u. Let z(c) = 13*t(c) + w(c). List the prime factors of z(h).
11, 13
Let r(n) = -1281*n + 63. Let g be r(6). What are the prime factors of 7/35 - g/35?
2, 109
Let x be ((-2)/4)/(5*5/(-30350)). Suppose -2615 = -6*h + x. What are the prime factors of h?
3, 179
Let z = -15851 + 30145. What are the prime factors of z?
2, 7, 1021
Let s(p) be the second derivative of -1/3*p**3 + 0 - 5*p**2 - 6*p + 1/20*p**5 - 5/6*p**4. List the prime factors of s(11).
89
Let b be (6/(-9))/(30/855). Let m(x) = x**2 + 3*x + 43. List the prime factors of m(b).
347
Suppose 4*v + 2*h - 150 = 306, 0 = -v - 5*h + 96. Let a = v - -23. Let z = a - 133. List the prime factors of z.
2, 3
Suppose 23*f - 42 = 9*f. Suppose f*b = -3*z + 6*b + 1980, 5*z - 3310 = 3*b. List the prime factors of z.
5, 7, 19
Let c = -34 - -38. Let t be c/(-3) + (-3638)/(-6). Suppose -p = -6*p + t. What are the prime factors of p?
11
Let k = 14122 - 5045. List the prime factors of k.
29, 313
Let z be (-582 + -77)*((0 - 1) + 0). Suppose -k + z = 5*l - 601, -2*l = k - 504. What are the prime factors of l?
2, 3, 7
Let s(z) = 3*z - 13. Let i be s(6). Suppose 0 = -i*u + u - 104. Let d = u - -69. What are the prime factors of d?
43
Suppose 6*b - 35 = 2*b - 3*n, 3*b - 4*n = 45. Let w be (-40)/(-220) + 9/b. Let l(q) = 3*q**3 + q**2 - 2*q + 1. List the prime factors of l(w).
3
Let x(h) = -3*h + 3. Let m be x(1). Suppose -4*z = -v - 0*z - 5, -5*z + 5 = m. List the prime factors of 3*(-22)/3*v.
2, 11
Suppose -5*z - 2*p + 159921 = 0, 3*z - 100*p + 97*p - 95940 = 0. What are the prime factors of z?
3, 7, 1523
Let j = -376 + 380. Let a(n) = 8*n**3 + 6*n**2 - 3*n + 17. List the prime factors of a(j).
613
Let i(d) = -48*d**2 + 6*d + 1. Let s be i(-1). Let q = 159 - s. Suppose 50 = 2*c - q. What are the prime factors of c?
131
Let m = 10801 + 10246. What are the prime factors of m?
13, 1619
Let u(l) = l**3 - 11*l**2 - 14*l - 9. Let f be u(12). Let z = 3 - f. List the prime factors of z + (1 + 0)*3.
3, 13
Suppose 0 = -44*d + 34*d + 30. Suppose -361 = -x - 2*h, d*x - 5*h - 1071 = -8*h. What are the prime factors of x?
353
Suppose 0 = 130*c - 124*c - 54. Suppose 4621 + 3308 = c*j. What are the prime factors of j?
881
Suppose -25959 = -41*r + 90522. List the prime factors of r.
3, 947
Let l = -19557 - -40470. List the prime factors of l.
3, 6971
Let q(n) = 30*n**2 + 55*n - 49. List the prime factors of q(-21).
2, 7, 859
Let j(c) = -550*c + 788. What are the prime factors of j(-43)?
2, 3, 4073
Let g = -10 - -14. Let u(a) = -2*a + 5 - 2*a**2 - 2*a - a**2 + 7*a**2 + 0*a**2. List the prime factors of u(g).
53
List the prime factors of 0/(-5) - 14681*(4 + -7).
3, 53, 277
Suppose -9*i - 2*a - 58838 = -13*i, -a = 3. What are the prime factors of i?
2, 3677
Let o(i) = -i**2 + 264*i - 2528. What are the prime factors of o(114)?
2, 3643
Let p be 6 - 1 - (1 - -2). Let j be (-2)/21*6*(-1267)/p. Suppose -5*w + j = -198. What are the prime factors of w?
2, 7
Suppose -2*i - 2*a - 3*a - 381 = 0, -2*a = -5*i - 996. Let o(t) = 4*t**2 + 3*t + 12. Let w be o(9). Let j = i + w. What are the prime factors of j?
3, 5, 11
Let n(h) = h**3 - 2*h**2 - 2*h + 28. Let q be n(0). Let v = q + 507. What are the prime factors of v?
5, 107
Let x(l) = 356*l**3 + 4*l**2 - 181*l + 934. List the prime factors of x(5).
13, 3433
Let f = -8 - -12. Let p(n) = 2204*n**2 - 1091*n**2 - 1105*n**2 + 16 - 11*n. What are the prime factors of p(f)?
2, 5
Let z(j) = -3*j**3 - 18*j**2 + 7*j - 30. Let p(v) = v**3 - 10*v**2 + 23*v + 1. Let m be p(5). List the prime factors of z(m).
2, 3, 53
Suppose -65956 = -32*i - 12*i. What are the prime factors of i?
1499
Suppose v = 5*b + 1 - 26, -3*v - 27 = -3*b. Suppose 9*s + 5 = b*s, d - 2*s - 6 = 0. Suppose 4*f + 4*h = 172, h - 2*h - 152 = -d*f. List the prime factors